+ 42 = 8*u. Give r(u).
-5
Let o = -27 - -27. Let q be (2 - -10)/(2 + o). Let a(k) be the third derivative of k**4/12 - 5*k**3/6 - 2*k**2. Calculate a(q).
7
Suppose -3 = -9*m + 6*m. Let x(z) = -7*z**3 - 4*z - 10*z**3 + 18*z**3 + m. Give x(-3).
-14
Let w(d) = 3 - 2*d + 0 - 5*d**3 - 4. Give w(-1).
6
Let n(w) be the second derivative of -w**5/20 + w**4/4 + w**3/2 - w**2 + 5*w - 2. Give n(3).
7
Let i(j) = j**2 - 4*j - 3. Suppose -d + 4*a + 16 = -5*d, -4*d = -a + 36. Let b = d - -20. Suppose -4*y + b = -s - 0, 2*s - 4 = y. What is i(y)?
-3
Let j be -1 - -4 - (-1 - -2). Let x(s) = -156 - 4*s - 157 + 458 - 142. What is x(j)?
-5
Suppose 5*b = -3*p - 2, 4*b + 3*p - 12 = 4*p. Let u(i) = 8*i**b - 7*i**2 - 5 + 4 - 2*i - 2*i. Give u(5).
4
Let k(l) = -6*l - 1. Let u(t) = -t**2 - 56*t - 755. Let f be u(-33). What is k(f)?
-25
Let z(j) = -37 + 8 + 3*j + 10 + 8 + 10. Determine z(2).
5
Suppose a + 3*f = -14, -5*f = a + a + 24. Let t(v) be the first derivative of v**2 + v - 4451. What is t(a)?
-3
Let v(m) = m**2 - m - 11. Let a(y) = -1. Let o(h) = -2*h + 36. Let k be o(15). Let g(n) = k*a(n) - v(n). What is g(4)?
-7
Let s(i) = i - 1. Let w be s(2). Let v = -10 - -12. Let k(x) = 2*x + 3*x**2 - 2*x**v - x. Give k(w).
2
Let c(h) be the first derivative of 6*h**3 - h**2/2 - 1. Suppose 0 = 218*d - 204*d + 14. What is c(d)?
19
Let z(o) = -57 + 120 - 62 - 2*o. Let c = 7 + -3. Suppose -s = c*f + 9, -f = -2*f - 5*s + 12. What is z(f)?
7
Let p(o) = -27 + o**3 - o**2 + 7*o + 7*o**2 + 34. Give p(-5).
-3
Let l(v) = 7*v + 2. Let s(x) = -20*x - 7. Let q(g) = 17*l(g) + 6*s(g). Let t be (54/(-12) - (-3)/(-2))/1. Calculate q(t).
-2
Let n(q) = q**3 + 4*q**2 + 8. Let l(a) = -4*a**3 - 11*a**2 - 25. Let x(t) = -2*l(t) - 7*n(t). Let y = 49 - -39. Let v = y + -82. What is x(v)?
-6
Let g(q) = -140*q**2 - q**3 + 42*q**2 + 50*q**2 + 63*q**2 + 6 + 2*q**3 + 2*q. What is g(-15)?
-24
Let q(z) = -4. Let n(o) = -o + 9. Let b(v) = -2*n(v) - 5*q(v). Let u be 1 + (-14)/(-10) + (-3)/(-5). Calculate b(u).
8
Let f(y) = -y**3 + 17*y**2 - 17*y + 21. Let u be f(16). Let k(w) = -3*w + 6. Let q(i) = -2*i + 4. Let p(v) = u*k(v) - 7*q(v). Calculate p(6).
-4
Let u(f) = -f**2 - f. Let d(j) = j**2 - 31 + 23 - 6*j**2. Let z(b) = -d(b) + 6*u(b). Calculate z(-7).
1
Let g(q) be the third derivative of q**5/60 + q**4/8 - 5*q**3/6 + 5*q**2. Let n(u) = -5*u + 21. Let l be n(5). Calculate g(l).
-1
Let k(a) be the first derivative of a**4/4 + a**3/3 - a**2/2 + 3*a - 132. Let u be 0*(0 - 1)/(-2). Calculate k(u).
3
Let s(j) be the first derivative of j**2 + 20*j + 757. What is s(-5)?
10
Let y(u) = -u**2 + u + 11. Suppose -5*n = -15, 15 = 20*p - 16*p + 5*n. What is y(p)?
11
Let p(u) be the third derivative of u**6/120 - u**5/4 + 13*u**4/24 + 5*u**3/6 + 376*u**2. What is p(14)?
-9
Let q(d) = -7 - d + 5*d - 18. Let n be q(7). Let b(i) = i**2 + i - 3. What is b(n)?
9
Let i(f) = 465 - 238 - 3*f - f**2 - 229. Suppose q + 1 + 5 = 0. Calculate i(q).
-20
Let m(h) = 5*h + 9. Suppose -d + 7 = 2*j, 2*d - 4*j = -16 - 10. Give m(d).
-6
Let h be 1*85/(-4) + (-14)/(-56). Let d be h/9 + 2/6. Let x(j) = -3*j**2 + 4*j + 3. What is x(d)?
-17
Let p(r) be the second derivative of r**5/20 + 7*r**4/6 + 11*r**3/6 - 8*r**2 - 15*r - 12. Determine p(-13).
10
Let m(j) = 2*j**2 + 14*j - 14. Let c be m(-8). Let k(d) = d**3 + 5*d**2. Let q be k(-3). Suppose 4*w = -q - c. Let v(u) = 2*u - 5. Give v(w).
-15
Let d(x) = -x**3 + 5*x**2 - 3*x - 1. Let s be -3*(2/1 - 1) - -19. Suppose 5*m = m + s. Give d(m).
3
Let h(t) be the first derivative of t**4/4 + 7. Let m(n) = 7*n**3 - n - 1. Let y(l) = 6*h(l) - m(l). What is y(-1)?
1
Let g(n) be the third derivative of -n**5/60 + n**4/24 + n**3/2 + 2*n**2. Let k = 50 + -47. Calculate g(k).
-3
Suppose -66 - 96 = -6*q. Let z = q + -31. Let c(a) = a**2 + 4*a - 3. Determine c(z).
-3
Let g(x) = x**3 - 4*x**2 - 6*x. Let b be (-1 - 1)/((-4)/(-6)). Let u be -8*1/2 - -5 - -1. Let q = u - b. What is g(q)?
-5
Let t(n) = -n**3 - 2*n**2 + 3*n - 7. Let i(w) = -2*w**3 - 5*w**2 + 5*w - 13. Let l(p) = 3*i(p) - 5*t(p). Let b(q) = -4*q + 11. Let v be b(4). What is l(v)?
-4
Let y be 1 + -3 + (-10 - -14). Suppose 4*s = -3*k + 5, k = -3*s - y*s - 2. Let u(i) = -13*i**3 - i**2 - 2 + 1 - i - 3*i**3. Determine u(s).
15
Suppose 6*j = 2*j. Let x(q) = 4 - 3 - 4*q**2 + j*q**2 + q**3 + q. Suppose -5*t + z + 20 = 0, -5*z = -2*t + 4*t + 19. Give x(t).
-5
Let m = -1697 - -1704. Let k(i) = -i**2 + 5*i + 9. What is k(m)?
-5
Let r be (-12)/20 + (88/10)/(-2). Let k(u) = 6*u**3 + 9*u**2 + 7*u - 5. Let w(h) = -7*h**3 - 10*h**2 - 8*h + 6. Let x(f) = r*w(f) - 6*k(f). Give x(-3).
-3
Let v(w) = -24*w**3 - w**2 + 12*w**3 + 13*w**3. Calculate v(-2).
-12
Let r = -34 - -50. Suppose a + r = 3*a. Let h = a + -12. Let q(b) = -b**2 - 5*b - 3. Determine q(h).
1
Let c(l) = -3*l - 9. Suppose -117 = -5*w - 5*p - 297, -3*p = w + 38. Let q be (-7)/w + (-72)/10. Determine c(q).
12
Let y(n) = -7*n**2 + 3*n + 6. Let a be y(-1). Let x(o) = -o - 9. What is x(a)?
-5
Let g(y) = 3*y**2 + y. Suppose -3*b + 3*l = -9, -3*l = 3 - 0. What is g(b)?
14
Let r = -37 - -52. Suppose -3*f - r = -0*f, -2*f = -3*b + 25. Let m(l) = -9*l + 35. Let t(q) = 5*q - 20. Let p(c) = -4*m(c) - 7*t(c). Give p(b).
5
Let y = -3 - -6. Let f(q) = 3*q**3 + 4*q + 3. Let n = -11 + 14. Let w(g) = 2*g**3 + g**2 + 3*g + 2. Let a(x) = n*f(x) - 4*w(x). Give a(y).
-8
Let n be 0 + (-1 - 1*2). Let a(l) be the second derivative of -l**4/12 - l**3/6 - l**2/2 - 79*l. Give a(n).
-7
Let k(p) = 3*p**2 + 2*p - 1. Let r be k(1). Suppose g = -3*u - 17 + 2, r*u + g + 20 = 0. Let c(x) = -1272*x + 2545*x - 1271*x + 6. What is c(u)?
-4
Let c(l) = l**2 - 3*l + 5. Let j(r) = -6*r + 4*r + r. Let z = -194 + 190. Let h be j(z). What is c(h)?
9
Suppose 2*g = -6 - 2. Let i(m) = 1 - m - 4 - 4. Let p be i(g). Let o(h) = -h**3 - 3*h**2 - h - 2. What is o(p)?
1
Let h be -6 + -18 + (-16)/(-2). Let t(b) = -b**3 - 16*b**2 + b + 16. What is t(h)?
0
Let j(s) = -s**2 - 6*s - 3. Let n(l) = -l**2 + 5*l + 1. Let y be n(3). Let x(i) = -3*i + 16. Let p be x(y). Give j(p).
2
Let d(h) be the third derivative of 1/120*h**6 + 0*h**4 + 0*h + 1/2*h**3 + 0 - 1/15*h**5 - 46*h**2. Determine d(4).
3
Let w(q) be the second derivative of -11*q**3/6 + q**2/2 + 66*q. Give w(-1).
12
Let b(s) = s. Let p(t) = -t + 15. Let z(x) = -3*b(x) - p(x). Give z(-10).
5
Suppose 24 = y - 37. Let i = -65 + y. Let z(r) = r**3 + 4*r**2 - 3*r - 3. What is z(i)?
9
Suppose -5*b + 22 = -3. Let v(r) be the first derivative of 1/2*r**2 - 3*r + 17. Give v(b).
2
Let b(i) = -2*i - 3. Suppose -t + 3 = -2*t, 3*h - 5*t = 15. Determine b(h).
-3
Let z = -746 - -739. Let q(c) = -c**3 - 8*c**2 - 5*c + 6. Determine q(z).
-8
Let l(y) = -2*y**2 + y - 2. Let n be 72/45 + (-2)/(-5). Suppose -3*t + n = b - 3, -t + b + 7 = 0. Suppose -3*j - t = 0, -2*r + 7*j + 1 = 2*j. Calculate l(r).
-12
Let h(k) = -5 + k - 8 + 3. Let p be ((-4)/16*-14)/((-1)/(-2)). Calculate h(p).
-3
Let j(t) = 10*t**2 - 8*t + 1. Let u(c) = 17*c**2 - 12*c + 1. Let i(l) = 5*j(l) - 3*u(l). What is i(2)?
-10
Let g = -72 + 37. Let n = g + 34. Let m(q) = 5*q**2. What is m(n)?
5
Let m(c) = -4*c + 3. Let l(r) = -19*r + 16. Let y(z) = 2*l(z) - 11*m(z). Suppose 0 = -2*w + 2*g + 6, -5*g - 1 = w + 8. Suppose 2*f = -w + 3. Determine y(f).
5
Let f(k) = 4*k - 50. Suppose -30*r + 34*r = 52. What is f(r)?
2
Let z be (-6)/10 - 56/(-10). Suppose z*s - 3*l - 41 = 0, -2*l - 2 = 2. Suppose s*i - 7 = 14. Let j(m) = -m**3 + 2*m**2 + m - 1. Determine j(i).
-7
Let z(f) = 6*f**3 - f. Let b(a) = -a**3 + 11*a**2 + 5*a - 6. Let i be b(11). Let g = -50 + i. Calculate z(g).
-5
Suppose -8 = 2*v + 4*a, 2*v = 18*a - 13*a - 35. Let g(y) = -y**3 - 11*y**2 - 14*y + 3. Give g(v).
43
Suppose 3*k - 37 = -5*h + 8, -h + k + 17 = 0. Suppose h = v - 4*t, -4*v + 2*t + 23 = 3. Let p(q) = -q**2 + 5. Determine p(v).
-11
Let y(j) = j**3 + 7*j**2 - 9*j - 4. Let r be y(-8). Suppose -5*h + 34 - r = 0. Let k(b) = -2*b + 7 + 5*b - h - 2*b. Determine k(-6).
-5
Suppose 7 = c + 2*w, 12*c - 4*w = 16*c - 12. Let k(g) = -6*g - 14. What is k(c)?
-8
Let p(q) = -q - 2. Let u(y) = 4*y + 12. Let b(a) = -9*p(a) - 2*u(a). Let h(g) = 11*g**2 - 1. Let n be h(1). Let k = 16 - n. Determine b(k).
0
Let b(s) = -2088*s + 4181. Let y be b(2). Let p(o) = -2 - o - o + 0*o. Give p(y).
-12
Let b(j) be the third de